multiple of 4?
False
Does 5 divide 266?
False
Is 1680 a multiple of 105?
True
Is 15 a factor of 1012?
False
Does 54 divide 159?
False
Does 29 divide 3538?
True
Is 793 a multiple of 18?
False
Is 13 a factor of 2492?
False
Is 1790 a multiple of 36?
False
Does 117 divide 8307?
True
Does 79 divide 23463?
True
Is 9 a factor of 2394?
True
Is 6694 a multiple of 20?
False
Is 25178 a multiple of 42?
False
Does 22 divide 95?
False
Is 265 a multiple of 53?
True
Is 3439 a multiple of 181?
True
Does 2 divide 151?
False
Is 39 a factor of 1206?
False
Is 2304 a multiple of 64?
True
Does 21 divide 7441?
False
Is 95 a factor of 10840?
False
Is 11 a factor of 768?
False
Is 1384 a multiple of 4?
True
Does 255 divide 13686?
False
Is 6 a factor of 348?
True
Is 63 a factor of 1071?
True
Is 475 a multiple of 25?
True
Is 2559 a multiple of 22?
False
Is 6045 a multiple of 17?
False
Is 54810 a multiple of 42?
True
Does 18 divide 5616?
True
Does 97 divide 1067?
True
Is 5700 a multiple of 25?
True
Is 46 a multiple of 12?
False
Is 87 a factor of 165039?
True
Is 4 a factor of 616?
True
Is 371 a multiple of 7?
True
Is 79 a multiple of 9?
False
Does 13 divide 195?
True
Does 19 divide 1311?
True
Is 49481 a multiple of 171?
False
Does 14 divide 378?
True
Is 308 a multiple of 11?
True
Does 55 divide 540?
False
Does 15 divide 1119?
False
Does 9 divide 36?
True
Is 1131 a multiple of 87?
True
Does 92 divide 3391?
False
Is 920 a multiple of 10?
True
Is 34 a factor of 420?
False
Is 23 a factor of 11454?
True
Is 34 a factor of 24288?
False
Is 203 a multiple of 7?
True
Is 116 a factor of 12251?
False
Is 100 a factor of 6745?
False
Is 2337 a multiple of 35?
False
Is 21 a factor of 588?
True
Does 55 divide 3795?
True
Is 2320 a multiple of 43?
False
Does 39 divide 4945?
False
Does 19 divide 3534?
True
Does 35 divide 3388?
False
Is 6 a factor of 540?
True
Does 81 divide 10125?
True
Is 24464 a multiple of 139?
True
Is 56 a multiple of 4?
True
Is 53 a factor of 912?
False
Does 48 divide 2256?
True
Does 30 divide 240?
True
Is 100 a multiple of 4?
True
Does 13 divide 26995?
False
Is 4577 a multiple of 199?
True
Is 2234 a multiple of 41?
False
Does 37 divide 1908?
False
Does 14 divide 70?
True
Does 13 divide 195?
True
Does 73 divide 1288?
False
Is 45 a factor of 7333?
False
Is 59688 a multiple of 9?
True
Does 23 divide 253?
True
Is 8411 a multiple of 13?
True
Is 7 a factor of 17283?
True
Is 4 a factor of 1144?
True
Is 539 a multiple of 20?
False
Is 7 a factor of 49?
True
Is 441 a multiple of 21?
True
Is 24 a factor of 598?
False
Does 26 divide 190?
False
Is 63 a multiple of 9?
True
Does 86 divide 7740?
True
Is 536 a multiple of 13?
False
Is 2743 even?
False
Is 118 a factor of 3186?
True
Is 190 a multiple of 5?
True
Does 8 divide 88397?
False
Is 14 a factor of 1106?
True
Is 648 a multiple of 36?
True
Does 30 divide 5067?
False
Does 10 divide 64030?
True
Is 26 a multiple of 13?
True
Is 75 a factor of 11681?
False
Is 13 a factor of 378?
False
Is 39 a factor of 3089?
False
Is 534 a multiple of 89?
True
Does 20 divide 26490?
False
Is 17682 a multiple of 7?
True
Does 114 divide 11970?
True
Is 18 a factor of 3372?
False
Does 8 divide 12697?
False
Is 26 a factor of 7046?
True
Is 20 a factor of 531?
False
Is 30 a factor of 20473?
False
Does 16 divide 1200?
True
Is 23714 a multiple of 95?
False
Is 8 a factor of 648?
True
Does 66 divide 2646?
False
Does 11 divide 3051?
False
Does 3 divide 5830?
False
Is 180 a factor of 6594?
False
Does 5 divide 1356?
False
Is 47 a factor of 658?
True
Is 329 a factor of 2251?
False
Is 15 a factor of 12285?
True
Is 7176 a multiple of 46?
True
Does 11 divide 1236?
False
Does 2 divide 64?
True
Does 8 divide 1000?
True
Is 10 a factor of 362?
False
Does 9 divide 2635?
False
Is 55 a factor of 3795?
True
Does 22 divide 2244?
True
Does 39 divide 18057?
True
Is 7564 a multiple of 12?
False
Does 31 divide 49011?
True
Does 20 divide 5530?
False
Is 1452 a multiple of 36?
False
Is 31 a factor of 62944?
False
Does 20 divide 10160?
True
Does 4 divide 2785?
False
Does 11 divide 4037?
True
Is 8970 a multiple of 130?
True
Is 10 a factor of 5012?
False
Does 26 divide 7150?
True
Is 77 a multiple of 25?
False
Is 6 a factor of 22218?
True
Is 5 a factor of 1250?
True
Is 16 a factor of 6592?
True
Does 80 divide 720?
True
Does 113 divide 61020?
True
Is 10368 a multiple of 27?
True
Is 24002 a multiple of 8?
False
Does 19 divide 89452?
True
Does 53 divide 43215?
False
Is 26 a factor of 5200?
True
Does 15 divide 75?
True
Does 25 divide 14909?
False
Is 183 a multiple of 124?
False
Is 38394 a multiple of 4?
False
Is 30 a factor of 1170?
True
Is 13 a factor of 2912?
True
Does 31 divide 124?
True
Is 19 a factor of 15899?
False
Is 39 a factor of 5185?
False
Is 260 a multiple of 13?
True
Is 29 a factor of 124120?
True
Is 6 a factor of 1758?
True
Is 45 a factor of 1665?
True
Does 9 divide 3366?
True
Does 11 divide 774?
False
Is 47 a factor of 42433?
False
Does 111 divide 1332?
True
Does 108 divide 328?
False
Is 707 a multiple of 22?
False
Is 991 a multiple of 7?
False
Is 2352 a multiple of 21?
True
Is 9513 a multiple of 21?
True
Is 17 a factor of 2567?
True
Is 6796 a multiple of 13?
False
Does 13 divide 1278?
False
Is 208 a multiple of 13?
True
Does 104 divide 36291?
False
Does 13 divide 139555?
True
Does 41 divide 1394?
True
Does 3 divide 9292?
False
Is 41 a multiple of 14?
False
Does 5 divide 680?
True
Does 8 divide 454?
False
Is 70642 a multiple of 19?
True
Is 56 a factor of 9688?
True
Is 5829 a multiple of 29?
True
Does 38 divide 143843?
False
Is 17 a factor of 769?
False
Is 798 a multiple of 8?
False
Is 15 a factor of 615?
True
Is 36 a multiple of 10?
False
Is 15 a factor of 6992?
False
Does 3 divide 656?
False
Is 2112 a multiple of 32?
True
Does 18 divide 1280?
False
Does 48 divide 3237?
False
Is 103 a multiple of 21?
False
Is 8930 a multiple of 18?
False
Is 16 a factor of 1712?
True
Is 588 a multiple of 28?
True
Is 8 a factor of 705?
False
Does 11 divide 13882?
True
Does 9 divide 12123?
True
Does 190 divide 15530?
False
Does 4 divide 63?
False
Is 12 a factor of 1368?
True
Is 4958 a multiple of 30?
False
Does 8 divide 4128?
True
Is 94 a factor of 14382?
True
Is 100050 a multiple of 345?
True
Does 7 divide 9653?
True
Is 4 a factor of 8?
True
Is 2 a factor of 355?
False
Is 80 a factor of 1095?
False
Is 8572 a multiple of 11?
False
Is 37 a factor of 3035?
False
Is 414 a multiple of 9?
True
Is 38 a factor of 33744?
True
Is 22968 a multiple of 12?
True
Is 396 a factor of 169884?
True
Does 35 divide 1960?
True
Is 11792 a multiple of 11?
True
Is 10 a factor of 1470?
True
Is 384 a multiple of 24?
True
Is 4840 a multiple of 110?
True
Is 50940 a multiple of 36?
True
Does 5 divide 789?
False
Does 46 divide 19918?
True
Is 29 a factor of 2552?
True
Is 33 a factor of 396?
True
Is 253 even?
False
Is 27 a factor of 513?
True
Is 40 a factor of 1960?
True
Does 62 divide 300?
False
Is 41695 a multiple of 63?
False
Is 89565 a multiple of 52?
False
Is 73 a factor of 3356?
False
Does 8 divide 20075?
False
Is 1773 a multiple of 124?
False
Is 51 a factor of 31260?
False
Does 34 divide 2743?
False
Is 209 a factor of 43422?
False
Does 183 divide 23837?
False
Does 7 divide 3866?
False
Is 15 a factor of 15053?
False
Does 33 divide 2970?
True
Does 17 divide 9316?
True
Is 63099 a multiple of 171?
True
Is 2914 a multiple of 31?
True
Is 113 a factor of 4148?
False
Is 10 a factor of 540?
True
Is 9 a factor of 13844?
False
Does 43 divide 1767?
False
Is 1305 a multiple of 9?
True
Is 6574 a multiple of 20?
False
Does 39 divide 44168?
False
Is 4125 a multiple of 55?
True
Is 7951 a multiple of 98?
False
Does 43 divide 6888?
False
Does 19 divide 5396?
True
Does 39 divide 640?
False
Is 31 a factor of 496?
True
Does 9 divide 190?
False
Does 9 divide 417?
False
Does 14 divide 2373?
False
Does 54 divide 3726?
True
Does 13 divide 3243?
False
Is 26555 a multiple of 18?
False
Is 128 a factor of 6494?
False
Does 56 divide 616?
True
Is 7906 a multiple of 67?
True
Does 28 divide 2688?
True
Is 11009 a multiple of 14?
False
Does 19 divide 284?
False
Is 30 a factor of 350?
False
Is 4381 a multiple of 12?
False
Does 10 divide 21579?
False
Does 15 divide 618?
False
Is 29 a factor of 259?
False
Is 253 a multiple of 21?
False
Is 12 a factor of 74977?
